




{"version":"1.0","provider_name":"\u041c\u0435\u0434\u0436\u043b\u0456\u0441","provider_url":"https:\/\/qtmm.org\/qt\/","author_name":"Developer","author_url":"https:\/\/qtmm.org\/qt\/author\/Developer\/","title":"Yarkoye k\u00f6y\u00fcnde camini\u00f1 temel ta\u015f\u0131 qoyuld\u0131 - \u041c\u0435\u0434\u0436\u043b\u0456\u0441","type":"rich","width":600,"height":338,"html":"<blockquote class=\"wp-embedded-content\" data-secret=\"l1A5VVN8Ds\"><a href=\"https:\/\/qtmm.org\/qt\/yarkoye-koyunde-caminin-temel-tasi-qoyuldi\/\">Yarkoye k\u00f6y\u00fcnde camini\u00f1 temel ta\u015f\u0131 qoyuld\u0131<\/a><\/blockquote><iframe sandbox=\"allow-scripts\" security=\"restricted\" src=\"https:\/\/qtmm.org\/qt\/yarkoye-koyunde-caminin-temel-tasi-qoyuldi\/embed\/#?secret=l1A5VVN8Ds\" width=\"600\" height=\"338\" title=\"&#8220;Yarkoye k\u00f6y\u00fcnde camini\u00f1 temel ta\u015f\u0131 qoyuld\u0131&#8221; &#8212; \u041c\u0435\u0434\u0436\u043b\u0456\u0441\" data-secret=\"l1A5VVN8Ds\" frameborder=\"0\" marginwidth=\"0\" marginheight=\"0\" scrolling=\"no\" class=\"wp-embedded-content\"><\/iframe><script>\n\/*! This file is auto-generated *\/\n!function(d,l){\"use strict\";l.querySelector&&d.addEventListener&&\"undefined\"!=typeof URL&&(d.wp=d.wp||{},d.wp.receiveEmbedMessage||(d.wp.receiveEmbedMessage=function(e){var t=e.data;if((t||t.secret||t.message||t.value)&&!\/[^a-zA-Z0-9]\/.test(t.secret)){for(var s,r,n,a=l.querySelectorAll('iframe[data-secret=\"'+t.secret+'\"]'),o=l.querySelectorAll('blockquote[data-secret=\"'+t.secret+'\"]'),c=new RegExp(\"^https?:$\",\"i\"),i=0;i<o.length;i++)o[i].style.display=\"none\";for(i=0;i<a.length;i++)s=a[i],e.source===s.contentWindow&&(s.removeAttribute(\"style\"),\"height\"===t.message?(1e3<(r=parseInt(t.value,10))?r=1e3:~~r<200&&(r=200),s.height=r):\"link\"===t.message&&(r=new URL(s.getAttribute(\"src\")),n=new URL(t.value),c.test(n.protocol))&&n.host===r.host&&l.activeElement===s&&(d.top.location.href=t.value))}},d.addEventListener(\"message\",d.wp.receiveEmbedMessage,!1),l.addEventListener(\"DOMContentLoaded\",function(){for(var e,t,s=l.querySelectorAll(\"iframe.wp-embedded-content\"),r=0;r<s.length;r++)(t=(e=s[r]).getAttribute(\"data-secret\"))||(t=Math.random().toString(36).substring(2,12),e.src+=\"#?secret=\"+t,e.setAttribute(\"data-secret\",t)),e.contentWindow.postMessage({message:\"ready\",secret:t},\"*\")},!1)))}(window,document);\n\/\/# sourceURL=https:\/\/qtmm.org\/wp-includes\/js\/wp-embed.min.js\n<\/script>\n","description":"Avgust 20 k\u00fcn\u00fc&nbsp; Saq rayon\u0131ndaki Yarkoye k\u00f6y\u00fcnde qurulacaq camini\u00f1 temel ta\u015f\u0131 qoyuld\u0131.&nbsp; Bu munasebetler te\u015fkil etilgen tantanal\u0131 tedbirde Q\u0131r\u0131m musulmanlar\u0131n\u0131\u00f1 m\u00fcftisi&nbsp; hac\u0131 Emirali Ablayev, B\u00fct\u00fcnd\u00fcnya q\u0131r\u0131mtatarlar kongressini\u00f1 prezidenti, Milliy Meclis reisini\u00f1 birinci muavini&nbsp; Refat \u00c7ubarov,&nbsp; Saq regional meclisini\u00f1 reisi&nbsp; Zevcet Qurt\u00fcmerov,&nbsp; Saq rayon\u0131n\u0131\u00f1 imam\u0131 Emirasan \u00dcmerov,&nbsp; Saq rayon musulman cemiyetinin6 reisi&nbsp; Seytasan Asanov,&nbsp; Yarkoye, Kr\u0131mskoye, [&hellip;]"}

Меджліс

Yarkoye köyünde caminiñ temel taşı qoyuldı - Меджліс

<blockquote class="wp-embedded-content" data-secret="l1A5VVN8Ds"><a href="https://qtmm.org/qt/yarkoye-koyunde-caminin-temel-tasi-qoyuldi/">Yarkoye köyünde caminiñ temel taşı qoyuldı</a></blockquote><iframe sandbox="allow-scripts" security="restricted" src="https://qtmm.org/qt/yarkoye-koyunde-caminin-temel-tasi-qoyuldi/embed/#?secret=l1A5VVN8Ds" width="600" height="338" title="&#8220;Yarkoye köyünde caminiñ temel taşı qoyuldı&#8221; &#8212; Меджліс" data-secret="l1A5VVN8Ds" frameborder="0" marginwidth="0" marginheight="0" scrolling="no" class="wp-embedded-content"></iframe><script>
/*! This file is auto-generated */
!function(d,l){"use strict";l.querySelector&&d.addEventListener&&"undefined"!=typeof URL&&(d.wp=d.wp||{},d.wp.receiveEmbedMessage||(d.wp.receiveEmbedMessage=function(e){var t=e.data;if((t||t.secret||t.message||t.value)&&!/[^a-zA-Z0-9]/.test(t.secret)){for(var s,r,n,a=l.querySelectorAll('iframe[data-secret="'+t.secret+'"]'),o=l.querySelectorAll('blockquote[data-secret="'+t.secret+'"]'),c=new RegExp("^https?:$","i"),i=0;i<o.length;i++)o[i].style.display="none";for(i=0;i<a.length;i++)s=a[i],e.source===s.contentWindow&&(s.removeAttribute("style"),"height"===t.message?(1e3<(r=parseInt(t.value,10))?r=1e3:~~r<200&&(r=200),s.height=r):"link"===t.message&&(r=new URL(s.getAttribute("src")),n=new URL(t.value),c.test(n.protocol))&&n.host===r.host&&l.activeElement===s&&(d.top.location.href=t.value))}},d.addEventListener("message",d.wp.receiveEmbedMessage,!1),l.addEventListener("DOMContentLoaded",function(){for(var e,t,s=l.querySelectorAll("iframe.wp-embedded-content"),r=0;r<s.length;r++)(t=(e=s[r]).getAttribute("data-secret"))||(t=Math.random().toString(36).substring(2,12),e.src+="#?secret="+t,e.setAttribute("data-secret",t)),e.contentWindow.postMessage({message:"ready",secret:t},"*")},!1)))}(window,document);
//# sourceURL=https://qtmm.org/wp-includes/js/wp-embed.min.js
</script>

Avgust 20 künü&nbsp; Saq rayonındaki Yarkoye köyünde qurulacaq caminiñ temel taşı qoyuldı.&nbsp; Bu munasebetler teşkil etilgen tantanalı tedbirde Qırım musulmanlarınıñ müftisi&nbsp; hacı Emirali Ablayev, Bütündünya qırımtatarlar kongressiniñ prezidenti, Milliy Meclis reisiniñ birinci muavini&nbsp; Refat Çubarov,&nbsp; Saq regional meclisiniñ reisi&nbsp; Zevcet Qurtümerov,&nbsp; Saq rayonınıñ imamı Emirasan Ümerov,&nbsp; Saq rayon musulman cemiyetinin6 reisi&nbsp; Seytasan Asanov,&nbsp; Yarkoye, Krımskoye, [&hellip;]
