




{"version":"1.0","provider_name":"\u041c\u0435\u0434\u0436\u043b\u0456\u0441","provider_url":"https:\/\/qtmm.org\/qt\/","author_name":"Developer","author_url":"https:\/\/qtmm.org\/qt\/author\/Developer\/","title":"Ukraina halq deputat\u0131 Mustafa Cemilevni\u00f1 sayt\u0131 \u00e7al\u0131\u015f\u0131p ba\u015flad\u0131 - \u041c\u0435\u0434\u0436\u043b\u0456\u0441","type":"rich","width":600,"height":338,"html":"<blockquote class=\"wp-embedded-content\" data-secret=\"51ZZbAILPr\"><a href=\"https:\/\/qtmm.org\/qt\/ukraina-halq-deputati-mustafa-cemilevnin-sayti-calisip-basladi\/\">Ukraina halq deputat\u0131 Mustafa Cemilevni\u00f1 sayt\u0131 \u00e7al\u0131\u015f\u0131p ba\u015flad\u0131<\/a><\/blockquote><iframe sandbox=\"allow-scripts\" security=\"restricted\" src=\"https:\/\/qtmm.org\/qt\/ukraina-halq-deputati-mustafa-cemilevnin-sayti-calisip-basladi\/embed\/#?secret=51ZZbAILPr\" width=\"600\" height=\"338\" title=\"&#8220;Ukraina halq deputat\u0131 Mustafa Cemilevni\u00f1 sayt\u0131 \u00e7al\u0131\u015f\u0131p ba\u015flad\u0131&#8221; &#8212; \u041c\u0435\u0434\u0436\u043b\u0456\u0441\" data-secret=\"51ZZbAILPr\" frameborder=\"0\" marginwidth=\"0\" marginheight=\"0\" scrolling=\"no\" class=\"wp-embedded-content\"><\/iframe><script>\n\/*! This file is auto-generated *\/\n!function(d,l){\"use strict\";l.querySelector&&d.addEventListener&&\"undefined\"!=typeof URL&&(d.wp=d.wp||{},d.wp.receiveEmbedMessage||(d.wp.receiveEmbedMessage=function(e){var t=e.data;if((t||t.secret||t.message||t.value)&&!\/[^a-zA-Z0-9]\/.test(t.secret)){for(var s,r,n,a=l.querySelectorAll('iframe[data-secret=\"'+t.secret+'\"]'),o=l.querySelectorAll('blockquote[data-secret=\"'+t.secret+'\"]'),c=new RegExp(\"^https?:$\",\"i\"),i=0;i<o.length;i++)o[i].style.display=\"none\";for(i=0;i<a.length;i++)s=a[i],e.source===s.contentWindow&&(s.removeAttribute(\"style\"),\"height\"===t.message?(1e3<(r=parseInt(t.value,10))?r=1e3:~~r<200&&(r=200),s.height=r):\"link\"===t.message&&(r=new URL(s.getAttribute(\"src\")),n=new URL(t.value),c.test(n.protocol))&&n.host===r.host&&l.activeElement===s&&(d.top.location.href=t.value))}},d.addEventListener(\"message\",d.wp.receiveEmbedMessage,!1),l.addEventListener(\"DOMContentLoaded\",function(){for(var e,t,s=l.querySelectorAll(\"iframe.wp-embedded-content\"),r=0;r<s.length;r++)(t=(e=s[r]).getAttribute(\"data-secret\"))||(t=Math.random().toString(36).substring(2,12),e.src+=\"#?secret=\"+t,e.setAttribute(\"data-secret\",t)),e.contentWindow.postMessage({message:\"ready\",secret:t},\"*\")},!1)))}(window,document);\n\/\/# sourceURL=https:\/\/qtmm.org\/wp-includes\/js\/wp-embed.min.js\n<\/script>\n","description":"Bug\u00fcnden itibaren Ukraina halq deputat\u0131 Mustafa Cemilevni\u00f1 &#8211;\u00a0http:\/\/www.dzemiliev-rada.org.ua\u00a0resmiy internet resurs\u0131 \u00f6z i\u015fini ba\u015flad\u0131. Ukraina halq deputat\u0131n\u0131\u00f1 \u0130nternet temsilciligi Mustafa Cemilevni\u00f1 Ukraina Yuqar\u0131 \u015euras\u0131nda faaliyetini ayd\u0131nlatacaq ve Ukrainan\u0131\u00f1 aliy qanun\u00e2rat\u0131c\u0131 organ\u0131nda&nbsp; parlament faaliyetini\u00f1 a\u00e7\u0131q printsipleri tesis etilmesine h\u0131zmet etecek.&nbsp;&nbsp; Sayt &#8220;Haberler&#8221;, &#8220;Biografiya&#8221;, &#8220;Galereya&#8221;, &#8220;Deputatl\u0131q faaliyet&#8221;, &#8220;Cemaat qabulhanesi&#8221; b\u00f6l\u00fcklerden&nbsp; ibaret ol\u0131p, bun\u0131\u00f1 kibi de &#8220;Ba\u011flant\u0131lar&#8221; b\u00f6l\u00fcgi vastas\u0131nen [&hellip;]","thumbnail_url":"https:\/\/qtmm.org\/wp-content\/uploads\/2022\/01\/2_137.jpeg","thumbnail_width":650,"thumbnail_height":598}

Меджліс

Ukraina halq deputatı Mustafa Cemilevniñ saytı çalışıp başladı - Меджліс

<blockquote class="wp-embedded-content" data-secret="51ZZbAILPr"><a href="https://qtmm.org/qt/ukraina-halq-deputati-mustafa-cemilevnin-sayti-calisip-basladi/">Ukraina halq deputatı Mustafa Cemilevniñ saytı çalışıp başladı</a></blockquote><iframe sandbox="allow-scripts" security="restricted" src="https://qtmm.org/qt/ukraina-halq-deputati-mustafa-cemilevnin-sayti-calisip-basladi/embed/#?secret=51ZZbAILPr" width="600" height="338" title="&#8220;Ukraina halq deputatı Mustafa Cemilevniñ saytı çalışıp başladı&#8221; &#8212; Меджліс" data-secret="51ZZbAILPr" frameborder="0" marginwidth="0" marginheight="0" scrolling="no" class="wp-embedded-content"></iframe><script>
/*! This file is auto-generated */
!function(d,l){"use strict";l.querySelector&&d.addEventListener&&"undefined"!=typeof URL&&(d.wp=d.wp||{},d.wp.receiveEmbedMessage||(d.wp.receiveEmbedMessage=function(e){var t=e.data;if((t||t.secret||t.message||t.value)&&!/[^a-zA-Z0-9]/.test(t.secret)){for(var s,r,n,a=l.querySelectorAll('iframe[data-secret="'+t.secret+'"]'),o=l.querySelectorAll('blockquote[data-secret="'+t.secret+'"]'),c=new RegExp("^https?:$","i"),i=0;i<o.length;i++)o[i].style.display="none";for(i=0;i<a.length;i++)s=a[i],e.source===s.contentWindow&&(s.removeAttribute("style"),"height"===t.message?(1e3<(r=parseInt(t.value,10))?r=1e3:~~r<200&&(r=200),s.height=r):"link"===t.message&&(r=new URL(s.getAttribute("src")),n=new URL(t.value),c.test(n.protocol))&&n.host===r.host&&l.activeElement===s&&(d.top.location.href=t.value))}},d.addEventListener("message",d.wp.receiveEmbedMessage,!1),l.addEventListener("DOMContentLoaded",function(){for(var e,t,s=l.querySelectorAll("iframe.wp-embedded-content"),r=0;r<s.length;r++)(t=(e=s[r]).getAttribute("data-secret"))||(t=Math.random().toString(36).substring(2,12),e.src+="#?secret="+t,e.setAttribute("data-secret",t)),e.contentWindow.postMessage({message:"ready",secret:t},"*")},!1)))}(window,document);
//# sourceURL=https://qtmm.org/wp-includes/js/wp-embed.min.js
</script>

Bugünden itibaren Ukraina halq deputatı Mustafa Cemilevniñ &#8211; http://www.dzemiliev-rada.org.ua resmiy internet resursı öz işini başladı. Ukraina halq deputatınıñ İnternet temsilciligi Mustafa Cemilevniñ Ukraina Yuqarı Şurasında faaliyetini aydınlatacaq ve Ukrainanıñ aliy qanunâratıcı organında&nbsp; parlament faaliyetiniñ açıq printsipleri tesis etilmesine hızmet etecek.&nbsp;&nbsp; Sayt &#8220;Haberler&#8221;, &#8220;Biografiya&#8221;, &#8220;Galereya&#8221;, &#8220;Deputatlıq faaliyet&#8221;, &#8220;Cemaat qabulhanesi&#8221; bölüklerden&nbsp; ibaret olıp, bunıñ kibi de &#8220;Bağlantılar&#8221; bölügi vastasınen [&hellip;]
