




{"version":"1.0","provider_name":"\u041c\u0435\u0434\u0436\u043b\u0456\u0441","provider_url":"https:\/\/qtmm.org\/qt\/","author_name":"milena","author_url":"https:\/\/qtmm.org\/qt\/author\/milena\/","title":"T\u00fcrkiye, Q\u0131r\u0131mda qanuns\u0131z referendumn\u0131\u00f1 seneligine ba\u011f\u0131\u015flan\u011fan il\u00e2n yay\u0131nlad\u0131 - \u041c\u0435\u0434\u0436\u043b\u0456\u0441","type":"rich","width":600,"height":338,"html":"<blockquote class=\"wp-embedded-content\" data-secret=\"Sxmelhum0P\"><a href=\"https:\/\/qtmm.org\/qt\/turkiye-qirimda-qanunsiz-referendumnin-seneligine-bagislangan-ilan-yayinladi\/\">T\u00fcrkiye, Q\u0131r\u0131mda qanuns\u0131z referendumn\u0131\u00f1 seneligine ba\u011f\u0131\u015flan\u011fan il\u00e2n yay\u0131nlad\u0131<\/a><\/blockquote><iframe sandbox=\"allow-scripts\" security=\"restricted\" src=\"https:\/\/qtmm.org\/qt\/turkiye-qirimda-qanunsiz-referendumnin-seneligine-bagislangan-ilan-yayinladi\/embed\/#?secret=Sxmelhum0P\" width=\"600\" height=\"338\" title=\"&#8220;T\u00fcrkiye, Q\u0131r\u0131mda qanuns\u0131z referendumn\u0131\u00f1 seneligine ba\u011f\u0131\u015flan\u011fan il\u00e2n yay\u0131nlad\u0131&#8221; &#8212; \u041c\u0435\u0434\u0436\u043b\u0456\u0441\" data-secret=\"Sxmelhum0P\" frameborder=\"0\" marginwidth=\"0\" marginheight=\"0\" scrolling=\"no\" class=\"wp-embedded-content\"><\/iframe><script>\n\/*! This file is auto-generated *\/\n!function(d,l){\"use strict\";l.querySelector&&d.addEventListener&&\"undefined\"!=typeof URL&&(d.wp=d.wp||{},d.wp.receiveEmbedMessage||(d.wp.receiveEmbedMessage=function(e){var t=e.data;if((t||t.secret||t.message||t.value)&&!\/[^a-zA-Z0-9]\/.test(t.secret)){for(var s,r,n,a=l.querySelectorAll('iframe[data-secret=\"'+t.secret+'\"]'),o=l.querySelectorAll('blockquote[data-secret=\"'+t.secret+'\"]'),c=new RegExp(\"^https?:$\",\"i\"),i=0;i<o.length;i++)o[i].style.display=\"none\";for(i=0;i<a.length;i++)s=a[i],e.source===s.contentWindow&&(s.removeAttribute(\"style\"),\"height\"===t.message?(1e3<(r=parseInt(t.value,10))?r=1e3:~~r<200&&(r=200),s.height=r):\"link\"===t.message&&(r=new URL(s.getAttribute(\"src\")),n=new URL(t.value),c.test(n.protocol))&&n.host===r.host&&l.activeElement===s&&(d.top.location.href=t.value))}},d.addEventListener(\"message\",d.wp.receiveEmbedMessage,!1),l.addEventListener(\"DOMContentLoaded\",function(){for(var e,t,s=l.querySelectorAll(\"iframe.wp-embedded-content\"),r=0;r<s.length;r++)(t=(e=s[r]).getAttribute(\"data-secret\"))||(t=Math.random().toString(36).substring(2,12),e.src+=\"#?secret=\"+t,e.setAttribute(\"data-secret\",t)),e.contentWindow.postMessage({message:\"ready\",secret:t},\"*\")},!1)))}(window,document);\n\/\/# sourceURL=https:\/\/qtmm.org\/wp-includes\/js\/wp-embed.min.js\n<\/script>\n","thumbnail_url":"https:\/\/qtmm.org\/wp-content\/uploads\/2015\/04\/38f3a918-525a-4e93-81a9-e5b78cb3b6d9_w800_h450.jpg","thumbnail_width":800,"thumbnail_height":450,"description":"Ukrainan\u0131\u00f1 par\u00e7as\u0131 ol\u011fan Q\u0131r\u0131m Muhtar Cumhuriyeti, halqara uquqqa qar\u015f\u0131 ve doquz sene evel o k\u00fcn (saban ay\u0131n\u0131\u00f1 16-s\u0131nda) ke\u00e7irilgen qanuns\u0131z referendum vastas\u0131nen aneksiya etildi. Ukrainadaki T\u00fcrkiye el\u00e7iligini\u00f1 il\u00e2n\u0131nda bu bildirildi. &#8211; Aneksiyan\u0131\u00f1 seneligi sebebinden vaziyetni tan\u0131ma\u011fan\u0131m\u0131zn\u0131 bildiremiz, Ukrainan\u0131\u00f1 mustaqilligi ve topraq b\u00fct\u00fcnligini destek etmege tasd\u0131qlaym\u0131z, &#8211; dep T\u00fcrkiye el\u00e7iligi il\u00e2n etti. Diplomatik korpus qo\u015ft\u0131 ki, [&hellip;]"}

Меджліс

Türkiye, Qırımda qanunsız referendumnıñ seneligine bağışlanğan ilân yayınladı - Меджліс

<blockquote class="wp-embedded-content" data-secret="Sxmelhum0P"><a href="https://qtmm.org/qt/turkiye-qirimda-qanunsiz-referendumnin-seneligine-bagislangan-ilan-yayinladi/">Türkiye, Qırımda qanunsız referendumnıñ seneligine bağışlanğan ilân yayınladı</a></blockquote><iframe sandbox="allow-scripts" security="restricted" src="https://qtmm.org/qt/turkiye-qirimda-qanunsiz-referendumnin-seneligine-bagislangan-ilan-yayinladi/embed/#?secret=Sxmelhum0P" width="600" height="338" title="&#8220;Türkiye, Qırımda qanunsız referendumnıñ seneligine bağışlanğan ilân yayınladı&#8221; &#8212; Меджліс" data-secret="Sxmelhum0P" frameborder="0" marginwidth="0" marginheight="0" scrolling="no" class="wp-embedded-content"></iframe><script>
/*! This file is auto-generated */
!function(d,l){"use strict";l.querySelector&&d.addEventListener&&"undefined"!=typeof URL&&(d.wp=d.wp||{},d.wp.receiveEmbedMessage||(d.wp.receiveEmbedMessage=function(e){var t=e.data;if((t||t.secret||t.message||t.value)&&!/[^a-zA-Z0-9]/.test(t.secret)){for(var s,r,n,a=l.querySelectorAll('iframe[data-secret="'+t.secret+'"]'),o=l.querySelectorAll('blockquote[data-secret="'+t.secret+'"]'),c=new RegExp("^https?:$","i"),i=0;i<o.length;i++)o[i].style.display="none";for(i=0;i<a.length;i++)s=a[i],e.source===s.contentWindow&&(s.removeAttribute("style"),"height"===t.message?(1e3<(r=parseInt(t.value,10))?r=1e3:~~r<200&&(r=200),s.height=r):"link"===t.message&&(r=new URL(s.getAttribute("src")),n=new URL(t.value),c.test(n.protocol))&&n.host===r.host&&l.activeElement===s&&(d.top.location.href=t.value))}},d.addEventListener("message",d.wp.receiveEmbedMessage,!1),l.addEventListener("DOMContentLoaded",function(){for(var e,t,s=l.querySelectorAll("iframe.wp-embedded-content"),r=0;r<s.length;r++)(t=(e=s[r]).getAttribute("data-secret"))||(t=Math.random().toString(36).substring(2,12),e.src+="#?secret="+t,e.setAttribute("data-secret",t)),e.contentWindow.postMessage({message:"ready",secret:t},"*")},!1)))}(window,document);
//# sourceURL=https://qtmm.org/wp-includes/js/wp-embed.min.js
</script>

Ukrainanıñ parçası olğan Qırım Muhtar Cumhuriyeti, halqara uquqqa qarşı ve doquz sene evel o kün (saban ayınıñ 16-sında) keçirilgen qanunsız referendum vastasınen aneksiya etildi. Ukrainadaki Türkiye elçiliginiñ ilânında bu bildirildi. &#8211; Aneksiyanıñ seneligi sebebinden vaziyetni tanımağanımıznı bildiremiz, Ukrainanıñ mustaqilligi ve topraq bütünligini destek etmege tasdıqlaymız, &#8211; dep Türkiye elçiligi ilân etti. Diplomatik korpus qoştı ki, [&hellip;]
