




{"version":"1.0","provider_name":"\u041c\u0435\u0434\u0436\u043b\u0456\u0441","provider_url":"https:\/\/qtmm.org\/qt\/","author_name":"Developer","author_url":"https:\/\/qtmm.org\/qt\/author\/Developer\/","title":"\u00abNenkecan\u00bb qad\u0131nlar i\u00e7\u00fcn dergisini\u00f1 taqdimnamesi - \u041c\u0435\u0434\u0436\u043b\u0456\u0441","type":"rich","width":600,"height":338,"html":"<blockquote class=\"wp-embedded-content\" data-secret=\"yimqteQwDM\"><a href=\"https:\/\/qtmm.org\/qt\/nenkecan-qadinlar-icun-dergisinin-taqdimnamesi\/\">\u00abNenkecan\u00bb qad\u0131nlar i\u00e7\u00fcn dergisini\u00f1 taqdimnamesi<\/a><\/blockquote><iframe sandbox=\"allow-scripts\" security=\"restricted\" src=\"https:\/\/qtmm.org\/qt\/nenkecan-qadinlar-icun-dergisinin-taqdimnamesi\/embed\/#?secret=yimqteQwDM\" width=\"600\" height=\"338\" title=\"&#8220;\u00abNenkecan\u00bb qad\u0131nlar i\u00e7\u00fcn dergisini\u00f1 taqdimnamesi&#8221; &#8212; \u041c\u0435\u0434\u0436\u043b\u0456\u0441\" data-secret=\"yimqteQwDM\" frameborder=\"0\" marginwidth=\"0\" marginheight=\"0\" scrolling=\"no\" class=\"wp-embedded-content\"><\/iframe><script>\n\/*! This file is auto-generated *\/\n!function(d,l){\"use strict\";l.querySelector&&d.addEventListener&&\"undefined\"!=typeof URL&&(d.wp=d.wp||{},d.wp.receiveEmbedMessage||(d.wp.receiveEmbedMessage=function(e){var t=e.data;if((t||t.secret||t.message||t.value)&&!\/[^a-zA-Z0-9]\/.test(t.secret)){for(var s,r,n,a=l.querySelectorAll('iframe[data-secret=\"'+t.secret+'\"]'),o=l.querySelectorAll('blockquote[data-secret=\"'+t.secret+'\"]'),c=new RegExp(\"^https?:$\",\"i\"),i=0;i<o.length;i++)o[i].style.display=\"none\";for(i=0;i<a.length;i++)s=a[i],e.source===s.contentWindow&&(s.removeAttribute(\"style\"),\"height\"===t.message?(1e3<(r=parseInt(t.value,10))?r=1e3:~~r<200&&(r=200),s.height=r):\"link\"===t.message&&(r=new URL(s.getAttribute(\"src\")),n=new URL(t.value),c.test(n.protocol))&&n.host===r.host&&l.activeElement===s&&(d.top.location.href=t.value))}},d.addEventListener(\"message\",d.wp.receiveEmbedMessage,!1),l.addEventListener(\"DOMContentLoaded\",function(){for(var e,t,s=l.querySelectorAll(\"iframe.wp-embedded-content\"),r=0;r<s.length;r++)(t=(e=s[r]).getAttribute(\"data-secret\"))||(t=Math.random().toString(36).substring(2,12),e.src+=\"#?secret=\"+t,e.setAttribute(\"data-secret\",t)),e.contentWindow.postMessage({message:\"ready\",secret:t},\"*\")},!1)))}(window,document);\n\/\/# sourceURL=https:\/\/qtmm.org\/wp-includes\/js\/wp-embed.min.js\n<\/script>\n","description":"2011 senesi 3 mart k\u00fcn\u00fc Q\u0131r\u0131m m\u00fchendislik pedagogika \u00fcniverstetini\u00f1 konferents \u2013zal\u0131nda t\u00fcrk d\u00fcnyas\u0131nda \u00abAlem-i Nisvan\u00bb adl\u0131 ilk qad\u0131nlar dergisini\u00f1 105-y\u0131ll\u0131\u011f\u0131na ba\u011f\u0131\u015flan\u011fan ilmiy-ameliy konferentsiyas\u0131 ke\u00e7irildi. Mezk\u00fcr konferentsiyada \u2018Nenkecan qad\u0131nlar klubu\u2019 cemaat te\u015fkil\u00e3t\u0131 taraf\u0131ndan latin urufat\u0131nda ne\u015fir etilgen \u2018Nenkecan\u2019 q\u0131r\u0131mtatar qad\u0131n dergisini\u00f1 taqdimi ol\u0131p ke\u00e7ti. Konferents\u0131yas\u0131n\u0131\u00f1 tantanal\u0131 q\u0131sm\u0131nda QMP\u00dc-ni\u00f1 rektor\u0131 Fevzi Yakubov, q\u0131r\u0131mtatar Meclis reisi Mustafa Cemilev, [&hellip;]"}

Меджліс

«Nenkecan» qadınlar içün dergisiniñ taqdimnamesi - Меджліс

<blockquote class="wp-embedded-content" data-secret="yimqteQwDM"><a href="https://qtmm.org/qt/nenkecan-qadinlar-icun-dergisinin-taqdimnamesi/">«Nenkecan» qadınlar içün dergisiniñ taqdimnamesi</a></blockquote><iframe sandbox="allow-scripts" security="restricted" src="https://qtmm.org/qt/nenkecan-qadinlar-icun-dergisinin-taqdimnamesi/embed/#?secret=yimqteQwDM" width="600" height="338" title="&#8220;«Nenkecan» qadınlar içün dergisiniñ taqdimnamesi&#8221; &#8212; Меджліс" data-secret="yimqteQwDM" frameborder="0" marginwidth="0" marginheight="0" scrolling="no" class="wp-embedded-content"></iframe><script>
/*! This file is auto-generated */
!function(d,l){"use strict";l.querySelector&&d.addEventListener&&"undefined"!=typeof URL&&(d.wp=d.wp||{},d.wp.receiveEmbedMessage||(d.wp.receiveEmbedMessage=function(e){var t=e.data;if((t||t.secret||t.message||t.value)&&!/[^a-zA-Z0-9]/.test(t.secret)){for(var s,r,n,a=l.querySelectorAll('iframe[data-secret="'+t.secret+'"]'),o=l.querySelectorAll('blockquote[data-secret="'+t.secret+'"]'),c=new RegExp("^https?:$","i"),i=0;i<o.length;i++)o[i].style.display="none";for(i=0;i<a.length;i++)s=a[i],e.source===s.contentWindow&&(s.removeAttribute("style"),"height"===t.message?(1e3<(r=parseInt(t.value,10))?r=1e3:~~r<200&&(r=200),s.height=r):"link"===t.message&&(r=new URL(s.getAttribute("src")),n=new URL(t.value),c.test(n.protocol))&&n.host===r.host&&l.activeElement===s&&(d.top.location.href=t.value))}},d.addEventListener("message",d.wp.receiveEmbedMessage,!1),l.addEventListener("DOMContentLoaded",function(){for(var e,t,s=l.querySelectorAll("iframe.wp-embedded-content"),r=0;r<s.length;r++)(t=(e=s[r]).getAttribute("data-secret"))||(t=Math.random().toString(36).substring(2,12),e.src+="#?secret="+t,e.setAttribute("data-secret",t)),e.contentWindow.postMessage({message:"ready",secret:t},"*")},!1)))}(window,document);
//# sourceURL=https://qtmm.org/wp-includes/js/wp-embed.min.js
</script>

2011 senesi 3 mart künü Qırım mühendislik pedagogika üniverstetiniñ konferents –zalında türk dünyasında «Alem-i Nisvan» adlı ilk qadınlar dergisiniñ 105-yıllığına bağışlanğan ilmiy-ameliy konferentsiyası keçirildi. Mezkür konferentsiyada ‘Nenkecan qadınlar klubu’ cemaat teşkilãtı tarafından latin urufatında neşir etilgen ‘Nenkecan’ qırımtatar qadın dergisiniñ taqdimi olıp keçti. Konferentsıyasınıñ tantanalı qısmında QMPÜ-niñ rektorı Fevzi Yakubov, qırımtatar Meclis reisi Mustafa Cemilev, [&hellip;]
