




{"version":"1.0","provider_name":"\u041c\u0435\u0434\u0436\u043b\u0456\u0441","provider_url":"https:\/\/qtmm.org\/qt\/","author_name":"Developer","author_url":"https:\/\/qtmm.org\/qt\/author\/Developer\/","title":"Meclis reisi Mustafa Cemilevni\u00f1 Aqme\u00e7et rayon\u0131na i\u015f ziyareti - \u041c\u0435\u0434\u0436\u043b\u0456\u0441","type":"rich","width":600,"height":338,"html":"<blockquote class=\"wp-embedded-content\" data-secret=\"nTr7waoRHR\"><a href=\"https:\/\/qtmm.org\/qt\/meclis-reisi-mustafa-cemilevnin-aqmecet-rayonina-is-ziyareti\/\">Meclis reisi Mustafa Cemilevni\u00f1 Aqme\u00e7et rayon\u0131na i\u015f ziyareti<\/a><\/blockquote><iframe sandbox=\"allow-scripts\" security=\"restricted\" src=\"https:\/\/qtmm.org\/qt\/meclis-reisi-mustafa-cemilevnin-aqmecet-rayonina-is-ziyareti\/embed\/#?secret=nTr7waoRHR\" width=\"600\" height=\"338\" title=\"&#8220;Meclis reisi Mustafa Cemilevni\u00f1 Aqme\u00e7et rayon\u0131na i\u015f ziyareti&#8221; &#8212; \u041c\u0435\u0434\u0436\u043b\u0456\u0441\" data-secret=\"nTr7waoRHR\" frameborder=\"0\" marginwidth=\"0\" marginheight=\"0\" scrolling=\"no\" class=\"wp-embedded-content\"><\/iframe><script>\n\/*! This file is auto-generated *\/\n!function(d,l){\"use strict\";l.querySelector&&d.addEventListener&&\"undefined\"!=typeof URL&&(d.wp=d.wp||{},d.wp.receiveEmbedMessage||(d.wp.receiveEmbedMessage=function(e){var t=e.data;if((t||t.secret||t.message||t.value)&&!\/[^a-zA-Z0-9]\/.test(t.secret)){for(var s,r,n,a=l.querySelectorAll('iframe[data-secret=\"'+t.secret+'\"]'),o=l.querySelectorAll('blockquote[data-secret=\"'+t.secret+'\"]'),c=new RegExp(\"^https?:$\",\"i\"),i=0;i<o.length;i++)o[i].style.display=\"none\";for(i=0;i<a.length;i++)s=a[i],e.source===s.contentWindow&&(s.removeAttribute(\"style\"),\"height\"===t.message?(1e3<(r=parseInt(t.value,10))?r=1e3:~~r<200&&(r=200),s.height=r):\"link\"===t.message&&(r=new URL(s.getAttribute(\"src\")),n=new URL(t.value),c.test(n.protocol))&&n.host===r.host&&l.activeElement===s&&(d.top.location.href=t.value))}},d.addEventListener(\"message\",d.wp.receiveEmbedMessage,!1),l.addEventListener(\"DOMContentLoaded\",function(){for(var e,t,s=l.querySelectorAll(\"iframe.wp-embedded-content\"),r=0;r<s.length;r++)(t=(e=s[r]).getAttribute(\"data-secret\"))||(t=Math.random().toString(36).substring(2,12),e.src+=\"#?secret=\"+t,e.setAttribute(\"data-secret\",t)),e.contentWindow.postMessage({message:\"ready\",secret:t},\"*\")},!1)))}(window,document);\n\/\/# sourceURL=https:\/\/qtmm.org\/wp-includes\/js\/wp-embed.min.js\n<\/script>\n","thumbnail_url":"https:\/\/qtmm.org\/wp-content\/uploads\/2022\/01\/1_19-1.jpeg","thumbnail_width":650,"thumbnail_height":400,"description":"2012 senesi fevral 26 k\u00fcn\u00fc Q\u0131r\u0131mtatar halq\u0131 Meclisini\u00f1 reisi, Ukraina halq deputat\u0131 Mustafa Cemilev Aqme\u00e7et region\u0131nda ya\u015fa\u011fan semetde\u015flernen k\u00f6r\u00fc\u015fti. K\u00f6r\u00fc\u015f\u00fcv devam\u0131nda yerli meclislerge saylavlarn\u0131 az\u0131rlav ve ke\u00e7ir\u00fcv boyunca komissiyan\u0131\u00f1 azas\u0131 Zevcet Qurt\u00fcmerov territorial komissiyalarn\u0131\u00f1 azalar\u0131 i\u00e7\u00fcn yerli meclislerge olacaq saylavlar\u011fa az\u0131rl\u0131qqa dair meselelerge ba\u011f\u0131\u015flan\u011fan seminar ke\u00e7irdi. \u015eun\u0131 hat\u0131latmal\u0131 ki, Aqme\u00e7et region\u0131n\u0131\u00f1 \u00f6z-\u00f6z\u00fcni idare et\u00fcv maalliy [&hellip;]"}

Меджліс

Meclis reisi Mustafa Cemilevniñ Aqmeçet rayonına iş ziyareti - Меджліс

<blockquote class="wp-embedded-content" data-secret="nTr7waoRHR"><a href="https://qtmm.org/qt/meclis-reisi-mustafa-cemilevnin-aqmecet-rayonina-is-ziyareti/">Meclis reisi Mustafa Cemilevniñ Aqmeçet rayonına iş ziyareti</a></blockquote><iframe sandbox="allow-scripts" security="restricted" src="https://qtmm.org/qt/meclis-reisi-mustafa-cemilevnin-aqmecet-rayonina-is-ziyareti/embed/#?secret=nTr7waoRHR" width="600" height="338" title="&#8220;Meclis reisi Mustafa Cemilevniñ Aqmeçet rayonına iş ziyareti&#8221; &#8212; Меджліс" data-secret="nTr7waoRHR" frameborder="0" marginwidth="0" marginheight="0" scrolling="no" class="wp-embedded-content"></iframe><script>
/*! This file is auto-generated */
!function(d,l){"use strict";l.querySelector&&d.addEventListener&&"undefined"!=typeof URL&&(d.wp=d.wp||{},d.wp.receiveEmbedMessage||(d.wp.receiveEmbedMessage=function(e){var t=e.data;if((t||t.secret||t.message||t.value)&&!/[^a-zA-Z0-9]/.test(t.secret)){for(var s,r,n,a=l.querySelectorAll('iframe[data-secret="'+t.secret+'"]'),o=l.querySelectorAll('blockquote[data-secret="'+t.secret+'"]'),c=new RegExp("^https?:$","i"),i=0;i<o.length;i++)o[i].style.display="none";for(i=0;i<a.length;i++)s=a[i],e.source===s.contentWindow&&(s.removeAttribute("style"),"height"===t.message?(1e3<(r=parseInt(t.value,10))?r=1e3:~~r<200&&(r=200),s.height=r):"link"===t.message&&(r=new URL(s.getAttribute("src")),n=new URL(t.value),c.test(n.protocol))&&n.host===r.host&&l.activeElement===s&&(d.top.location.href=t.value))}},d.addEventListener("message",d.wp.receiveEmbedMessage,!1),l.addEventListener("DOMContentLoaded",function(){for(var e,t,s=l.querySelectorAll("iframe.wp-embedded-content"),r=0;r<s.length;r++)(t=(e=s[r]).getAttribute("data-secret"))||(t=Math.random().toString(36).substring(2,12),e.src+="#?secret="+t,e.setAttribute("data-secret",t)),e.contentWindow.postMessage({message:"ready",secret:t},"*")},!1)))}(window,document);
//# sourceURL=https://qtmm.org/wp-includes/js/wp-embed.min.js
</script>

2012 senesi fevral 26 künü Qırımtatar halqı Meclisiniñ reisi, Ukraina halq deputatı Mustafa Cemilev Aqmeçet regionında yaşağan semetdeşlernen körüşti. Körüşüv devamında yerli meclislerge saylavlarnı azırlav ve keçirüv boyunca komissiyanıñ azası Zevcet Qurtümerov territorial komissiyalarnıñ azaları içün yerli meclislerge olacaq saylavlarğa azırlıqqa dair meselelerge bağışlanğan seminar keçirdi. Şunı hatılatmalı ki, Aqmeçet regionınıñ öz-özüni idare etüv maalliy [&hellip;]
