




{"version":"1.0","provider_name":"\u041c\u0435\u0434\u0436\u043b\u0456\u0441","provider_url":"https:\/\/qtmm.org\/qt\/","author_name":"Developer","author_url":"https:\/\/qtmm.org\/qt\/author\/Developer\/","title":"Meclis: q\u0131r\u0131mtatarlar ve akimiyet aras\u0131nda dialog yoq - \u041c\u0435\u0434\u0436\u043b\u0456\u0441","type":"rich","width":600,"height":338,"html":"<blockquote class=\"wp-embedded-content\" data-secret=\"ywFqJZrIOO\"><a href=\"https:\/\/qtmm.org\/qt\/meclis-qirimtatarlar-ve-akimiyet-arasinda-dialog-yoq\/\">Meclis: q\u0131r\u0131mtatarlar ve akimiyet aras\u0131nda dialog yoq<\/a><\/blockquote><iframe sandbox=\"allow-scripts\" security=\"restricted\" src=\"https:\/\/qtmm.org\/qt\/meclis-qirimtatarlar-ve-akimiyet-arasinda-dialog-yoq\/embed\/#?secret=ywFqJZrIOO\" width=\"600\" height=\"338\" title=\"&#8220;Meclis: q\u0131r\u0131mtatarlar ve akimiyet aras\u0131nda dialog yoq&#8221; &#8212; \u041c\u0435\u0434\u0436\u043b\u0456\u0441\" data-secret=\"ywFqJZrIOO\" frameborder=\"0\" marginwidth=\"0\" marginheight=\"0\" scrolling=\"no\" class=\"wp-embedded-content\"><\/iframe><script>\n\/*! This file is auto-generated *\/\n!function(d,l){\"use strict\";l.querySelector&&d.addEventListener&&\"undefined\"!=typeof URL&&(d.wp=d.wp||{},d.wp.receiveEmbedMessage||(d.wp.receiveEmbedMessage=function(e){var t=e.data;if((t||t.secret||t.message||t.value)&&!\/[^a-zA-Z0-9]\/.test(t.secret)){for(var s,r,n,a=l.querySelectorAll('iframe[data-secret=\"'+t.secret+'\"]'),o=l.querySelectorAll('blockquote[data-secret=\"'+t.secret+'\"]'),c=new RegExp(\"^https?:$\",\"i\"),i=0;i<o.length;i++)o[i].style.display=\"none\";for(i=0;i<a.length;i++)s=a[i],e.source===s.contentWindow&&(s.removeAttribute(\"style\"),\"height\"===t.message?(1e3<(r=parseInt(t.value,10))?r=1e3:~~r<200&&(r=200),s.height=r):\"link\"===t.message&&(r=new URL(s.getAttribute(\"src\")),n=new URL(t.value),c.test(n.protocol))&&n.host===r.host&&l.activeElement===s&&(d.top.location.href=t.value))}},d.addEventListener(\"message\",d.wp.receiveEmbedMessage,!1),l.addEventListener(\"DOMContentLoaded\",function(){for(var e,t,s=l.querySelectorAll(\"iframe.wp-embedded-content\"),r=0;r<s.length;r++)(t=(e=s[r]).getAttribute(\"data-secret\"))||(t=Math.random().toString(36).substring(2,12),e.src+=\"#?secret=\"+t,e.setAttribute(\"data-secret\",t)),e.contentWindow.postMessage({message:\"ready\",secret:t},\"*\")},!1)))}(window,document);\n\/\/# sourceURL=https:\/\/qtmm.org\/wp-includes\/js\/wp-embed.min.js\n<\/script>\n","description":"Aqmescit \u2013 Q\u0131r\u0131mtatar halq\u0131 Meclisi liderlerini\u00f1 aytqan\u0131na k\u00f6re, q\u0131r\u0131mtatarlar ve muhtariyet \u00fck\u00fcmeti&nbsp; aras\u0131nda dialog toqtad\u0131. Pavel Burlakov vaqt\u0131nca olaraq yolba\u015f\u00e7\u0131l\u0131q yapt\u0131\u011f\u0131 Q\u0131r\u0131m \u00fck\u00fcmeti Meclisnen i\u015f tutqan &#8220;rahmetli Vasiliy Cart\u0131n\u0131\u00f1 yolundan \u00e7ekildi&#8221;. Bu aqta Azatl\u0131q radios\u0131na Meclis reisi Mustafa Cemilev aytt\u0131.&nbsp; \u00dck\u00fcmetni\u00f1 vazifedar hadimleri ise bun\u0131\u00f1nen raz\u0131 olmay\u0131p, i\u015f adetteki rejimde kete, dep izaat berdiler. Avgust [&hellip;]"}

Меджліс

Meclis: qırımtatarlar ve akimiyet arasında dialog yoq - Меджліс

<blockquote class="wp-embedded-content" data-secret="ywFqJZrIOO"><a href="https://qtmm.org/qt/meclis-qirimtatarlar-ve-akimiyet-arasinda-dialog-yoq/">Meclis: qırımtatarlar ve akimiyet arasında dialog yoq</a></blockquote><iframe sandbox="allow-scripts" security="restricted" src="https://qtmm.org/qt/meclis-qirimtatarlar-ve-akimiyet-arasinda-dialog-yoq/embed/#?secret=ywFqJZrIOO" width="600" height="338" title="&#8220;Meclis: qırımtatarlar ve akimiyet arasında dialog yoq&#8221; &#8212; Меджліс" data-secret="ywFqJZrIOO" frameborder="0" marginwidth="0" marginheight="0" scrolling="no" class="wp-embedded-content"></iframe><script>
/*! This file is auto-generated */
!function(d,l){"use strict";l.querySelector&&d.addEventListener&&"undefined"!=typeof URL&&(d.wp=d.wp||{},d.wp.receiveEmbedMessage||(d.wp.receiveEmbedMessage=function(e){var t=e.data;if((t||t.secret||t.message||t.value)&&!/[^a-zA-Z0-9]/.test(t.secret)){for(var s,r,n,a=l.querySelectorAll('iframe[data-secret="'+t.secret+'"]'),o=l.querySelectorAll('blockquote[data-secret="'+t.secret+'"]'),c=new RegExp("^https?:$","i"),i=0;i<o.length;i++)o[i].style.display="none";for(i=0;i<a.length;i++)s=a[i],e.source===s.contentWindow&&(s.removeAttribute("style"),"height"===t.message?(1e3<(r=parseInt(t.value,10))?r=1e3:~~r<200&&(r=200),s.height=r):"link"===t.message&&(r=new URL(s.getAttribute("src")),n=new URL(t.value),c.test(n.protocol))&&n.host===r.host&&l.activeElement===s&&(d.top.location.href=t.value))}},d.addEventListener("message",d.wp.receiveEmbedMessage,!1),l.addEventListener("DOMContentLoaded",function(){for(var e,t,s=l.querySelectorAll("iframe.wp-embedded-content"),r=0;r<s.length;r++)(t=(e=s[r]).getAttribute("data-secret"))||(t=Math.random().toString(36).substring(2,12),e.src+="#?secret="+t,e.setAttribute("data-secret",t)),e.contentWindow.postMessage({message:"ready",secret:t},"*")},!1)))}(window,document);
//# sourceURL=https://qtmm.org/wp-includes/js/wp-embed.min.js
</script>

Aqmescit – Qırımtatar halqı Meclisi liderleriniñ aytqanına köre, qırımtatarlar ve muhtariyet ükümeti&nbsp; arasında dialog toqtadı. Pavel Burlakov vaqtınca olaraq yolbaşçılıq yaptığı Qırım ükümeti Meclisnen iş tutqan &#8220;rahmetli Vasiliy Cartınıñ yolundan çekildi&#8221;. Bu aqta Azatlıq radiosına Meclis reisi Mustafa Cemilev ayttı.&nbsp; Ükümetniñ vazifedar hadimleri ise bunıñnen razı olmayıp, iş adetteki rejimde kete, dep izaat berdiler. Avgust [&hellip;]
