




{"version":"1.0","provider_name":"\u041c\u0435\u0434\u0436\u043b\u0456\u0441","provider_url":"https:\/\/qtmm.org\/qt\/","author_name":"Developer","author_url":"https:\/\/qtmm.org\/qt\/author\/Developer\/","title":"Izmirde 18 mayis 1944 s\u00fcrg\u00fcn\u00fc anma ve panel - \u041c\u0435\u0434\u0436\u043b\u0456\u0441","type":"rich","width":600,"height":338,"html":"<blockquote class=\"wp-embedded-content\" data-secret=\"CKWuH67Fr6\"><a href=\"https:\/\/qtmm.org\/qt\/izmirde-18-mayis-1944-surgunu-anma-ve-panel\/\">Izmirde 18 mayis 1944 s\u00fcrg\u00fcn\u00fc anma ve panel<\/a><\/blockquote><iframe sandbox=\"allow-scripts\" security=\"restricted\" src=\"https:\/\/qtmm.org\/qt\/izmirde-18-mayis-1944-surgunu-anma-ve-panel\/embed\/#?secret=CKWuH67Fr6\" width=\"600\" height=\"338\" title=\"&#8220;Izmirde 18 mayis 1944 s\u00fcrg\u00fcn\u00fc anma ve panel&#8221; &#8212; \u041c\u0435\u0434\u0436\u043b\u0456\u0441\" data-secret=\"CKWuH67Fr6\" frameborder=\"0\" marginwidth=\"0\" marginheight=\"0\" scrolling=\"no\" class=\"wp-embedded-content\"><\/iframe><script>\n\/*! This file is auto-generated *\/\n!function(d,l){\"use strict\";l.querySelector&&d.addEventListener&&\"undefined\"!=typeof URL&&(d.wp=d.wp||{},d.wp.receiveEmbedMessage||(d.wp.receiveEmbedMessage=function(e){var t=e.data;if((t||t.secret||t.message||t.value)&&!\/[^a-zA-Z0-9]\/.test(t.secret)){for(var s,r,n,a=l.querySelectorAll('iframe[data-secret=\"'+t.secret+'\"]'),o=l.querySelectorAll('blockquote[data-secret=\"'+t.secret+'\"]'),c=new RegExp(\"^https?:$\",\"i\"),i=0;i<o.length;i++)o[i].style.display=\"none\";for(i=0;i<a.length;i++)s=a[i],e.source===s.contentWindow&&(s.removeAttribute(\"style\"),\"height\"===t.message?(1e3<(r=parseInt(t.value,10))?r=1e3:~~r<200&&(r=200),s.height=r):\"link\"===t.message&&(r=new URL(s.getAttribute(\"src\")),n=new URL(t.value),c.test(n.protocol))&&n.host===r.host&&l.activeElement===s&&(d.top.location.href=t.value))}},d.addEventListener(\"message\",d.wp.receiveEmbedMessage,!1),l.addEventListener(\"DOMContentLoaded\",function(){for(var e,t,s=l.querySelectorAll(\"iframe.wp-embedded-content\"),r=0;r<s.length;r++)(t=(e=s[r]).getAttribute(\"data-secret\"))||(t=Math.random().toString(36).substring(2,12),e.src+=\"#?secret=\"+t,e.setAttribute(\"data-secret\",t)),e.contentWindow.postMessage({message:\"ready\",secret:t},\"*\")},!1)))}(window,document);\n\/\/# sourceURL=https:\/\/qtmm.org\/wp-includes\/js\/wp-embed.min.js\n<\/script>\n","thumbnail_url":"https:\/\/qtmm.org\/wp-content\/uploads\/2022\/01\/18_mayis_2013_izmir.jpeg","thumbnail_width":700,"thumbnail_height":525,"description":"\u0130zmir K\u0131r\u0131m Derne\u011fi ile Konak Belediyesi&#8217;nin d\u00fczenledi\u011fi &#8221; 18 May\u0131s 1944 K\u0131r\u0131m T\u00fcrklerinin s\u00fcrg\u00fcn\u00fcn\u00fc k\u0131nama, bas\u0131n toplant\u0131s\u0131 ve paneli \u0130zmir&#8217;de T\u00fcrkan Saylan K\u00fclt\u00fcr Merkezinde yap\u0131ld\u0131. T\u00fcrkkiye \u0130stiklal mar\u015f\u0131 ve K\u0131r\u0131m Tatar milli mar\u015f\u0131 &#8220;And etkenmen&#8221;in okurnmas\u0131 \u015fehitler ve s\u00fcrg\u00fcnde \u00f6lenlerin an\u0131s\u0131na yap\u0131lan sayg\u0131 duru\u015fundan sonra \u0130zmir K\u0131r\u0131m Dernek Ba\u015fkan\u0131 Erdim Boray a\u00e7\u0131\u015f konu\u015fmas\u0131 yapt\u0131. Boray, [&hellip;]"}

Меджліс

Izmirde 18 mayis 1944 sürgünü anma ve panel - Меджліс

<blockquote class="wp-embedded-content" data-secret="CKWuH67Fr6"><a href="https://qtmm.org/qt/izmirde-18-mayis-1944-surgunu-anma-ve-panel/">Izmirde 18 mayis 1944 sürgünü anma ve panel</a></blockquote><iframe sandbox="allow-scripts" security="restricted" src="https://qtmm.org/qt/izmirde-18-mayis-1944-surgunu-anma-ve-panel/embed/#?secret=CKWuH67Fr6" width="600" height="338" title="&#8220;Izmirde 18 mayis 1944 sürgünü anma ve panel&#8221; &#8212; Меджліс" data-secret="CKWuH67Fr6" frameborder="0" marginwidth="0" marginheight="0" scrolling="no" class="wp-embedded-content"></iframe><script>
/*! This file is auto-generated */
!function(d,l){"use strict";l.querySelector&&d.addEventListener&&"undefined"!=typeof URL&&(d.wp=d.wp||{},d.wp.receiveEmbedMessage||(d.wp.receiveEmbedMessage=function(e){var t=e.data;if((t||t.secret||t.message||t.value)&&!/[^a-zA-Z0-9]/.test(t.secret)){for(var s,r,n,a=l.querySelectorAll('iframe[data-secret="'+t.secret+'"]'),o=l.querySelectorAll('blockquote[data-secret="'+t.secret+'"]'),c=new RegExp("^https?:$","i"),i=0;i<o.length;i++)o[i].style.display="none";for(i=0;i<a.length;i++)s=a[i],e.source===s.contentWindow&&(s.removeAttribute("style"),"height"===t.message?(1e3<(r=parseInt(t.value,10))?r=1e3:~~r<200&&(r=200),s.height=r):"link"===t.message&&(r=new URL(s.getAttribute("src")),n=new URL(t.value),c.test(n.protocol))&&n.host===r.host&&l.activeElement===s&&(d.top.location.href=t.value))}},d.addEventListener("message",d.wp.receiveEmbedMessage,!1),l.addEventListener("DOMContentLoaded",function(){for(var e,t,s=l.querySelectorAll("iframe.wp-embedded-content"),r=0;r<s.length;r++)(t=(e=s[r]).getAttribute("data-secret"))||(t=Math.random().toString(36).substring(2,12),e.src+="#?secret="+t,e.setAttribute("data-secret",t)),e.contentWindow.postMessage({message:"ready",secret:t},"*")},!1)))}(window,document);
//# sourceURL=https://qtmm.org/wp-includes/js/wp-embed.min.js
</script>

İzmir Kırım Derneği ile Konak Belediyesi&#8217;nin düzenlediği &#8221; 18 Mayıs 1944 Kırım Türklerinin sürgününü kınama, basın toplantısı ve paneli İzmir&#8217;de Türkan Saylan Kültür Merkezinde yapıldı. Türkkiye İstiklal marşı ve Kırım Tatar milli marşı &#8220;And etkenmen&#8221;in okurnması şehitler ve sürgünde ölenlerin anısına yapılan saygı duruşundan sonra İzmir Kırım Dernek Başkanı Erdim Boray açış konuşması yaptı. Boray, [&hellip;]
