




{"version":"1.0","provider_name":"\u041c\u0435\u0434\u0436\u043b\u0456\u0441","provider_url":"https:\/\/qtmm.org\/qt\/","author_name":"Developer","author_url":"https:\/\/qtmm.org\/qt\/author\/Developer\/","title":"Aqmescitte Meclisni\u00f1 keni\u015fletilgen topla\u015fuv\u0131 \u00f6tkerildi - \u041c\u0435\u0434\u0436\u043b\u0456\u0441","type":"rich","width":600,"height":338,"html":"<blockquote class=\"wp-embedded-content\" data-secret=\"KeYKXx6wIj\"><a href=\"https:\/\/qtmm.org\/qt\/aqmescitte-meclisnin-kenisletilgen-toplasuvi-otkerildi\/\">Aqmescitte Meclisni\u00f1 keni\u015fletilgen topla\u015fuv\u0131 \u00f6tkerildi<\/a><\/blockquote><iframe sandbox=\"allow-scripts\" security=\"restricted\" src=\"https:\/\/qtmm.org\/qt\/aqmescitte-meclisnin-kenisletilgen-toplasuvi-otkerildi\/embed\/#?secret=KeYKXx6wIj\" width=\"600\" height=\"338\" title=\"&#8220;Aqmescitte Meclisni\u00f1 keni\u015fletilgen topla\u015fuv\u0131 \u00f6tkerildi&#8221; &#8212; \u041c\u0435\u0434\u0436\u043b\u0456\u0441\" data-secret=\"KeYKXx6wIj\" frameborder=\"0\" marginwidth=\"0\" marginheight=\"0\" scrolling=\"no\" class=\"wp-embedded-content\"><\/iframe><script>\n\/*! This file is auto-generated *\/\n!function(d,l){\"use strict\";l.querySelector&&d.addEventListener&&\"undefined\"!=typeof URL&&(d.wp=d.wp||{},d.wp.receiveEmbedMessage||(d.wp.receiveEmbedMessage=function(e){var t=e.data;if((t||t.secret||t.message||t.value)&&!\/[^a-zA-Z0-9]\/.test(t.secret)){for(var s,r,n,a=l.querySelectorAll('iframe[data-secret=\"'+t.secret+'\"]'),o=l.querySelectorAll('blockquote[data-secret=\"'+t.secret+'\"]'),c=new RegExp(\"^https?:$\",\"i\"),i=0;i<o.length;i++)o[i].style.display=\"none\";for(i=0;i<a.length;i++)s=a[i],e.source===s.contentWindow&&(s.removeAttribute(\"style\"),\"height\"===t.message?(1e3<(r=parseInt(t.value,10))?r=1e3:~~r<200&&(r=200),s.height=r):\"link\"===t.message&&(r=new URL(s.getAttribute(\"src\")),n=new URL(t.value),c.test(n.protocol))&&n.host===r.host&&l.activeElement===s&&(d.top.location.href=t.value))}},d.addEventListener(\"message\",d.wp.receiveEmbedMessage,!1),l.addEventListener(\"DOMContentLoaded\",function(){for(var e,t,s=l.querySelectorAll(\"iframe.wp-embedded-content\"),r=0;r<s.length;r++)(t=(e=s[r]).getAttribute(\"data-secret\"))||(t=Math.random().toString(36).substring(2,12),e.src+=\"#?secret=\"+t,e.setAttribute(\"data-secret\",t)),e.contentWindow.postMessage({message:\"ready\",secret:t},\"*\")},!1)))}(window,document);\n\/\/# sourceURL=https:\/\/qtmm.org\/wp-includes\/js\/wp-embed.min.js\n<\/script>\n","description":"2011 senesi avgust 7-de Aqmescitte Q\u0131r\u0131mtatar halq\u0131 Meclisini\u00f1 regional meclisler ve Q\u0131r\u0131mtatar halq\u0131 qurultay\u0131 tefti\u015f komissiyas\u0131 azalar\u0131n\u0131\u00f1 i\u015ftirakinde keni\u015fletilgen topla\u015fuv\u0131 ol\u0131p ke\u00e7ti. K\u00fcn tertibindeki birinci mesele \u2013 yerli meclislerni saylavn\u0131\u00f1 yek\u00fcnleyici basq\u0131\u00e7\u0131 muzakere etilgende yerli meclislerge saylavlarn\u0131 az\u0131rlav ve te\u015fkil\u00e2tland\u0131ruv komissiyas\u0131n\u0131\u00f1 ba\u015f\u0131 Refat \u00c7ubarov ta 2009 senesi ba\u015flan\u011fan uzun m\u00fcddetli saylavlar so\u00f1una keleyatqan\u0131n\u0131 qayd etip, [&hellip;]"}

Меджліс

Aqmescitte Meclisniñ kenişletilgen toplaşuvı ötkerildi - Меджліс

<blockquote class="wp-embedded-content" data-secret="KeYKXx6wIj"><a href="https://qtmm.org/qt/aqmescitte-meclisnin-kenisletilgen-toplasuvi-otkerildi/">Aqmescitte Meclisniñ kenişletilgen toplaşuvı ötkerildi</a></blockquote><iframe sandbox="allow-scripts" security="restricted" src="https://qtmm.org/qt/aqmescitte-meclisnin-kenisletilgen-toplasuvi-otkerildi/embed/#?secret=KeYKXx6wIj" width="600" height="338" title="&#8220;Aqmescitte Meclisniñ kenişletilgen toplaşuvı ötkerildi&#8221; &#8212; Меджліс" data-secret="KeYKXx6wIj" frameborder="0" marginwidth="0" marginheight="0" scrolling="no" class="wp-embedded-content"></iframe><script>
/*! This file is auto-generated */
!function(d,l){"use strict";l.querySelector&&d.addEventListener&&"undefined"!=typeof URL&&(d.wp=d.wp||{},d.wp.receiveEmbedMessage||(d.wp.receiveEmbedMessage=function(e){var t=e.data;if((t||t.secret||t.message||t.value)&&!/[^a-zA-Z0-9]/.test(t.secret)){for(var s,r,n,a=l.querySelectorAll('iframe[data-secret="'+t.secret+'"]'),o=l.querySelectorAll('blockquote[data-secret="'+t.secret+'"]'),c=new RegExp("^https?:$","i"),i=0;i<o.length;i++)o[i].style.display="none";for(i=0;i<a.length;i++)s=a[i],e.source===s.contentWindow&&(s.removeAttribute("style"),"height"===t.message?(1e3<(r=parseInt(t.value,10))?r=1e3:~~r<200&&(r=200),s.height=r):"link"===t.message&&(r=new URL(s.getAttribute("src")),n=new URL(t.value),c.test(n.protocol))&&n.host===r.host&&l.activeElement===s&&(d.top.location.href=t.value))}},d.addEventListener("message",d.wp.receiveEmbedMessage,!1),l.addEventListener("DOMContentLoaded",function(){for(var e,t,s=l.querySelectorAll("iframe.wp-embedded-content"),r=0;r<s.length;r++)(t=(e=s[r]).getAttribute("data-secret"))||(t=Math.random().toString(36).substring(2,12),e.src+="#?secret="+t,e.setAttribute("data-secret",t)),e.contentWindow.postMessage({message:"ready",secret:t},"*")},!1)))}(window,document);
//# sourceURL=https://qtmm.org/wp-includes/js/wp-embed.min.js
</script>

2011 senesi avgust 7-de Aqmescitte Qırımtatar halqı Meclisiniñ regional meclisler ve Qırımtatar halqı qurultayı teftiş komissiyası azalarınıñ iştirakinde kenişletilgen toplaşuvı olıp keçti. Kün tertibindeki birinci mesele – yerli meclislerni saylavnıñ yekünleyici basqıçı muzakere etilgende yerli meclislerge saylavlarnı azırlav ve teşkilâtlandıruv komissiyasınıñ başı Refat Çubarov ta 2009 senesi başlanğan uzun müddetli saylavlar soñuna keleyatqanını qayd etip, [&hellip;]
